{"id":117,"date":"2021-11-03T17:14:09","date_gmt":"2021-11-03T16:14:09","guid":{"rendered":"http:\/\/nemoclaudit.fr\/?page_id=117"},"modified":"2024-11-12T10:31:30","modified_gmt":"2024-11-12T09:31:30","slug":"notre-equipe","status":"publish","type":"page","link":"https:\/\/nemoclaudit.fr\/index.php\/notre-equipe\/","title":{"rendered":"Notre \u00e9quipe"},"content":{"rendered":"\n<p>Nous mobilisons et assemblons pour chaque projet une \u00e9quipe adapt\u00e9e, \u00e0 partir d\u2019un r\u00e9seau d\u2019experts, de freelances et d\u2019entreprises ressources dans diff\u00e9rents domaines : d\u00e9veloppement web, gestion de la donn\u00e9e, direction artistique, CM, contenus, \u2026 Plus d\u2019une dizaine de personnes travaillent r\u00e9guli\u00e8rement sur nos projets.<\/p>\n\n\n\n<figure class=\"wp-block-image is-resized\"><img loading=\"lazy\" src=\"https:\/\/nemoclaudit.fr\/wp-content\/uploads\/2021\/02\/te%CC%81le%CC%81chargement-30.jpeg\" alt=\"\" class=\"wp-image-59\" width=\"571\" height=\"321\"\/><\/figure>\n\n\n\n<p><strong>Valerio Motta<br><\/strong>Pr\u00e9sident &#8211; Consultant senior <\/p>\n\n\n\n<ul><li>Ancien conseiller presse et communication en minist\u00e8re et en collectivit\u00e9 territoriale<\/li><li>Ancien directeur de la communication&nbsp; et responsable web de parti politique<\/li><li>Dipl\u00f4m\u00e9 en communication politique et publique&nbsp;<\/li><\/ul>\n","protected":false},"excerpt":{"rendered":"<p>Nous mobilisons et assemblons pour chaque projet une \u00e9quipe adapt\u00e9e, \u00e0 partir d\u2019un r\u00e9seau d\u2019experts, de freelances et d\u2019entreprises ressources dans diff\u00e9rents domaines : d\u00e9veloppement web, gestion de la donn\u00e9e, direction artistique, CM, contenus, \u2026 Plus d\u2019une dizaine de personnes travaillent r\u00e9guli\u00e8rement sur nos projets. Valerio MottaPr\u00e9sident &#8211; Consultant senior Ancien conseiller presse et communication [&hellip;]<\/p>\n","protected":false},"author":1,"featured_media":0,"parent":0,"menu_order":0,"comment_status":"closed","ping_status":"closed","template":"","meta":[],"_links":{"self":[{"href":"https:\/\/nemoclaudit.fr\/index.php\/wp-json\/wp\/v2\/pages\/117"}],"collection":[{"href":"https:\/\/nemoclaudit.fr\/index.php\/wp-json\/wp\/v2\/pages"}],"about":[{"href":"https:\/\/nemoclaudit.fr\/index.php\/wp-json\/wp\/v2\/types\/page"}],"author":[{"embeddable":true,"href":"https:\/\/nemoclaudit.fr\/index.php\/wp-json\/wp\/v2\/users\/1"}],"replies":[{"embeddable":true,"href":"https:\/\/nemoclaudit.fr\/index.php\/wp-json\/wp\/v2\/comments?post=117"}],"version-history":[{"count":4,"href":"https:\/\/nemoclaudit.fr\/index.php\/wp-json\/wp\/v2\/pages\/117\/revisions"}],"predecessor-version":[{"id":309,"href":"https:\/\/nemoclaudit.fr\/index.php\/wp-json\/wp\/v2\/pages\/117\/revisions\/309"}],"wp:attachment":[{"href":"https:\/\/nemoclaudit.fr\/index.php\/wp-json\/wp\/v2\/media?parent=117"}],"curies":[{"name":"wp","href":"https:\/\/api.w.org\/{rel}","templated":true}]}}

Notre équipe

<p>Nous mobilisons et assemblons pour chaque projet une équipe adaptée, à partir d’un réseau d’experts, de freelances et d’entreprises ressources dans différents domaines : développement web, gestion de la donnée, direction artistique, CM, contenus, … Plus d’une dizaine de personnes travaillent régulièrement sur nos projets.</p>



<figure class="wp-block-image is-resized"><img loading="lazy" src="https://nemoclaudit.fr/wp-content/uploads/2021/02/te%CC%81le%CC%81chargement-30.jpeg" alt="" class="wp-image-59" width="571" height="321"/></figure>



<p><strong>Valerio Motta<br></strong>Président &#8211; Consultant senior </p>



<ul><li>Ancien conseiller presse et communication en ministère et en collectivité territoriale</li><li>Ancien directeur de la communication&nbsp; et responsable web de parti politique</li><li>Diplômé en communication politique et publique&nbsp;</li></ul>

<p>Nous mobilisons et assemblons pour chaque projet une équipe adaptée, à partir d’un réseau d’experts, de freelances et d’entreprises ressources dans différents domaines : développement web, gestion de la donnée, direction artistique, CM, contenus, … Plus d’une dizaine de personnes travaillent régulièrement sur nos projets. Valerio MottaPrésident &#8211; Consultant senior Ancien conseiller presse et communication [&hellip;]</p>
